 Let b(m) = -6*m**2 - 63*m + 7. Let s(p) = 4*b(p) + 11*d(p). Determine s(-10).
16
Let l(g) = -g + 182 - 195 + 5*g + 27*g + 2*g**2. Let q(c) = -c**2 - 16*c + 6. Let x(o) = -6*l(o) - 11*q(o). Calculate x(-9).
21
Suppose 9 = 3*v - 15. Suppose 12*l - 8 = v*l. Let n(r) = 212 + 211 - 424 + l*r - r**2 - r. Give n(2).
-3
Let v(l) = 6*l**3 + l**2 - 1. Let j(o) be the third derivative of -o**5/15 - 7*o**4/24 + o**3/6 + 63*o**2. Let k be j(-2). What is v(k)?
-6
Let m(i) = i + 8. Let l(r) = -6*r - 33. Let h(o) = 2*l(o) + 9*m(o). What is h(2)?
0
Let r(a) be the third derivative of -a**5/60 + a**4/2 - 8*a**3/3 + 573*a**2. Suppose -21*n = -22*n + 11. Determine r(n).
-5
Let a(v) = 15*v - 88. Let r be ((-24)/(-54))/(92/1242). Give a(r).
2
Suppose 0 = -4*c + 2*q - 23 + 7, -5*c - q = 34. Let r(p) = -p**3 - 7*p**2 - 9*p - 20. What is r(c)?
-2
Let g = 10444 + -10443. Let m(w) = w - 9. Give m(g).
-8
Let v(o) = -o**3 - 5*o**2 + 4*o - 2. Suppose 10 = 7*j - 4 - 7. What is v(j)?
-62
Let g(a) = -a**2 + 3*a + 7. Suppose 4 = -5*f + 24. Suppose 3*b + 0 = -f*r - 107, 5*r = b + 61. Let h = b - -47. Calculate g(h).
-11
Let y = 175 + -172. Let h(q) = q**y - 18 - 6 + 28 - q. Calculate h(0).
4
Let h = 522 + -642. Let a = h - -116. Let k(b) = b**2 + 3*b - 2. Determine k(a).
2
Let x(r) be the third derivative of -r**5/30 - 35*r**4/24 + r**3 - 493*r**2 + 2. Determine x(-15).
81
Let z(a) = 39*a**2. Let l(v) = 196*v**2 - 13*v - 65. Let q(d) = -l(d) + 5*z(d). What is q(17)?
-3
Suppose 4*n = 2*p + 18, 3 - 4 = -p. Let t(r) = -8*r**3 + 41*r**2 + 3*r + 12. Let x(w) = -7*w**3 + 36*w**2 + 2*w + 11. Let h(c) = 6*t(c) - 7*x(c). What is h(n)?
-10
Suppose -2*w = 3*w - 2 - 18. Let o(p) = 1 - 4*p + 2*p**2 + 0*p + 2*p - 3. What is o(w)?
22
Suppose -16*m + 44 = -5*m. Let u(r) be the second derivative of r**3 - 3*r**2 + 13*r. Let c(f) = -13*f + 12. Let a(g) = -4*c(g) - 9*u(g). Give a(m).
-2
Let r(m) = m**2 - 9*m + 27. Let y be (2 + (-8)/12)/(5/30). Give r(y).
19
Suppose -3*d = -3*f - 24, -5*d - 3*f + 13 = -3. Let g(x) = 2*x - d - 9 - x + 3. What is g(0)?
-11
Let r(f) = -f**3 - 16*f**2 + 14*f - 2. Let g be r(-17). Let k = 50 - g. Let s(v) = -7*v - 1. Let a(m) = -29*m - 4. Let q(w) = 2*a(w) - 9*s(w). Determine q(k).
6
Let w(b) be the second derivative of b**4/2 - 19*b**3/6 + 8*b**2 - 1192*b. What is w(2)?
2
Let q(m) = -7*m + 1. Let v be 39*((-4)/6 + 0). Let y be v/91 + -2*(-9)/14. What is q(y)?
-6
Suppose -4*x + 4*u = 8, -3*x + 3*u - 14 = -2*u. Let v = -4 + 8. Let y(h) = -2*h**2 + 1 + v*h + h**x - 3*h - 2*h. Give y(1).
-1
Let j(h) = -h. Let r(l) = l**2 - 15*l + 17. Let p(w) = 1. Let f(z) = -4*p(z) + r(z). Let k be (5/(1 + 0))/(-1). Let d(t) = k*j(t) + f(t). Determine d(9).
4
Let q(g) = 2*g**3 + 20*g**2 + 31*g - 12. Let b be q(-8). Let y(c) = 2*c + 13. Determine y(b).
5
Let n(c) = c**2 - 4*c + 2. Let y(z) = -2*z**3 + 5*z**2 - 14*z + 3. Let q(t) = 5*n(t) - y(t). Determine q(1).
3
Let b(t) = -t + 5. Suppose -576 = 5*o + 4*m, 5*o + 294 = 2*m - 288. Suppose -2*y + s - 226 = 13, -4*y = -5*s + 469. Let u = o - y. Determine b(u).
0
Suppose 4*r + 38 = 3*u, -3*r + 18 = 4*u - 16. Suppose -3*d + 26 = u*d. Let j(g) = 207*g - d + 1 - 208*g + 4*g**2. Determine j(-1).
4
Let a be (-114 + 9)/7*(40/(-25))/4. Let n(p) = -p - 4. Let w be n(-6). Let x(l) = -2 + l**w + 3*l - 6*l - 2*l + 4. Calculate x(a).
8
Let s(l) = 33732*l**3 - 3*l + 33738*l**3 + 33732*l**3 - 101199*l**3 + 1 + 2*l**2. Determine s(-2).
-9
Let o(w) = -w**3 - 13*w**2 - 11*w + 8. Let c = -1501 - -1489. Determine o(c).
-4
Let h(p) = -p + 4. Let o(g) = -3*g**2 - 29*g + 53. Let q(w) = 3*h(w) - o(w). What is q(-10)?
-1
Let k = 30 + -22. Let n(g) = 8*g - g - 2 - k*g + 9. Suppose 2*r = -0 + 12. Determine n(r).
1
Let n(z) be the third derivative of z**7/840 - z**6/45 - z**5/60 - 5*z**3/2 + 13*z**2. Let o(g) be the first derivative of n(g). What is o(8)?
-16
Let b be 2 - (-11)/(-6) - (23/(-6) - 0). Let x(g) be the third derivative of -28*g**2 - 1/3*g**3 - 5/24*g**b + 0 + 0*g + 1/60*g**5. Give x(7).
12
Suppose 2*i - 6 = -d, -5*i + 10 = 3*d - 3. Let z(l) = 7*l**2 - 11*l + 3. Let h(g) = 6*g**2 - 10*g + 3. Let v(o) = i*z(o) - 6*h(o). Calculate v(3).
3
Let h(a) = -23*a + 11 + a**2 + 58 + 9 - 44. Calculate h(22).
12
Let f(i) = 7*i**3 + i**2 - 1. Suppose -14*s = 17*s + 279. Let w be 7 - (-64)/(s + 1). Give f(w).
-7
Let v(y) be the second derivative of y**6/360 - y**5/40 + y**4/12 - 85*y**3/6 - 95*y. Let j(h) be the second derivative of v(h). Calculate j(3).
2
Let s(y) = -y**3 - 2*y**2 - 3*y - 4. Let h = -646 - -721. Suppose 3*l - 28*l = h. Determine s(l).
14
Let c(p) = -23*p + 3. Let v(o) = -3*o**2 + 4*o + 2. Let s be v(0). Calculate c(s).
-43
Let p(c) be the third derivative of 0 + 11/6*c**3 + 2*c**2 - 1/24*c**4 + 0*c. Let s = -3737 + 3742. Determine p(s).
6
Let l(x) be the first derivative of -2*x + 10 - 4*x**2 + 1/6*x**3. Let w(q) be the first derivative of l(q). Give w(10).
2
Let d(u) be the second derivative of 11*u**3/6 + 43*u**2/2 - 1718*u + 3. What is d(-4)?
-1
Let z(h) = 4*h**2 - 41 + 132 - 47 + 4*h - 46 - 2*h**3. Calculate z(4).
-50
Suppose -5*w = -a + 10, 5*w - 9 - 21 = -3*a. Suppose -7*z - a = 18. Let f be (-6)/z*(0 + 2). Let x(i) = 2*i**2 - 1. Give x(f).
17
Let i(a) = -181*a - 78. Let p(m) = -33*m - 15. Let f(t) = -2*i(t) + 11*p(t). Let q = 9 + -14. Determine f(q).
-4
Suppose y - 296 = -3*r, -2*r - 2 + 0 = 0. Let q be y/91 + (-2)/7. Suppose -2*s - 4*c = -12, q*c = 4*s - 3*s + 14. Let l(n) = n. Give l(s).
-2
Suppose 4*u = -3*r + r - 158, -5*u + 193 = -3*r. Let q = 69 + r. Let a(c) = -2*c + 1. What is a(q)?
5
Let m(j) be the second derivative of -j**5/60 + j**4/6 - j**3/2 - j**2 - 4*j. Let x(f) be the first derivative of m(f). Let l = 2579 + -2577. Calculate x(l).
1
Let k be -1*(-8 + 1) - 0. Let g(y) be the first derivative of y**4/4 - 8*y**3/3 + 9*y**2/2 - 7*y + 1288. What is g(k)?
7
Let z(o) be the second derivative of o**4/12 + 17*o**3/6 + 5*o**2/2 - 99*o. Suppose -22*y - 4*j = -17*y + 89, -4*y = 4*j + 72. Determine z(y).
5
Let r(m) = 2*m. Let o(q) = -14 - q**2 + 29 + 9*q - 12. Let z(g) = -o(g) + 2*r(g). Determine z(4).
-7
Let i(x) = x**3 + 23*x**2 + 42*x - 17. Let n be i(-21). Let b(m) = m**2 + 14*m - 11. Calculate b(n).
40
Let g be ((-129)/(-9))/((-1)/(-9)). Let p = 134 - g. Let h(n) = -n**3 + 4*n**2 + 7*n. Calculate h(p).
10
Let v(t) = 1845*t - 3665*t + 1839*t - t**2 - 29. What is v(15)?
31
Let g(x) = x**3 - 5*x**2 - 10*x - 1. Suppose 3*c - 3*u - 251 = -206, 0 = 3*c + u - 13. What is g(c)?
27
Let v = -2539 - -2524. Let r(w) = -2*w**3 - 31*w**2 - 10*w + 81. Give r(v).
6
Let m(y) be the third derivative of y**5/30 + 21*y**4/8 + 37*y**3/3 - 3616*y**2. Determine m(-30).
-16
Let g(a) = 121*a + 3. Let i(j) = 30*j - 1. Let d(o) = g(o) - 3*i(o). Determine d(1).
37
Let y(a) be the third derivative of a**5/30 - a**4/3 - 11*a**3/6 + 8*a**2 - 15*a. Determine y(-2).
13
Let v(d) = -367*d - 672. Let a(j) = -145*j - 336. Let y(r) = -5*a(r) + 2*v(r). What is y(35)?
21
Let a(b) = -b**3 - 13*b**2 + 2*b + 13. Suppose 33*k - 37*k - 49 = p, -43 = 4*k + 3*p. Give a(k).
-13
Let y(c) = c**2 - c**2 - c**2 + 4*c + 2. Let j = -752 - -457. Let d be ((-5)/2)/(j/354). Give y(d).
5
Suppose 0 = -3*n - 4*i - 18, -3*i + 11 = 2*n - 8*i. Let o(c) be the third derivative of c**4/24 + c**3/3 - 90*c**2 + 2*c - 17. Determine o(n).
0
Suppose 5*m = t + 21, 2 = 2*m + 3*t - 20. Suppose m*o + 3*j = 60, 4*j = -0*o - 2*o + 10. Let g(k) = -2*k**2 - k**3 + 11 + k - 2*k**2 - o. Give g(-4).
-8
Suppose -b - 2*b = -6. Let l(x) = -b*x**2 + x + x**2 + 4*x + 10 - 6*x. Let u(g) = -g**2 + 43*g + 90. Let w be u(-2). What is l(w)?
10
Let u(j) = -23*j - 30. Let d = -603 - -608. Let n(m) = -9*m - 15. Let i(q) = d*n(q) - 2*u(q). Determine i(16).
1
Let z be (-7 - -6)/(0 + (-2)/4). Suppose z*n = 11*n - 18. Let r(d) = 2*d**2 + 2*d + 1. What is r(n)?
13
Let f(z) be the third derivative of z**6/120 - 8*z**5/15 + z**4/12 - 61*z**3/6 - 695*z**2. Give f(32).
3
Let j = -3 - -2. Suppose 2*n = -3*n - 2*f + 15, -4*n + 2*f + 12 = 0. Let d(i) = -n*i - 238 + 237 + 6*i + 2*i - 2*i. Determine d(j).
-4
Let s(o) be the first derivative of -3 + 4*o - 1/3*o**3 - o**2. Suppose 13*w + 13 = -26. Calculate s(w).
1
Let s(o) = 35*o + 34. Let k(q) = -71*q - 74. Let z(j) = -6*k(j) - 13*s(j). Determine z(-3).
89
Let l(m) = m - 3. Let b be l(-3